4*j - 17*j + 9 = 0. Let k(z) = -z - 2 - 62*z**3 + 3 - 61*z**3 + 124*z**j. Determine k(0).
1
Let g(z) = z**2 - 16*z - 12. Let t(j) = -j**2 + 17*j + 13. Let p(m) = -4*g(m) - 3*t(m). Let d be p(14). Let r(o) = 4*o + 4. Determine r(d).
-16
Let l(k) = 2*k**3 + 19*k**2 + 34*k + 72. Let a be l(-8). Let y(q) = q**2 + 4*q - 40. Determine y(a).
-8
Let y = -1 + 1. Let l = 549 + -540. Suppose 4*r - l*r - 15 = y. Let w(p) = -5*p - 3. What is w(r)?
12
Let i be 5 - (0 + (-3 - -4)). Suppose -i*t + 32 = -0*t. Let f(g) = 4*g + t*g - 17*g - 1. Calculate f(-1).
4
Let y(l) = 38 - l**3 - 29 + 0*l**2 - 2*l + 9*l**2. What is y(9)?
-9
Let b = 424 - 424. Let o(y) be the third derivative of y**5/60 + 5*y**3/3 - y**2. Determine o(b).
10
Suppose 4*j + 4*d = -20, 60*j - 46 = 65*j - 2*d. Let q(l) = -l**3 - 8*l**2 - 4*l - 12. What is q(j)?
20
Suppose -5*b = -5*k - 10, -5*b - 2*k - 3*k - 10 = 0. Let g(x) = -49 + 22 - x**2 + 23. What is g(b)?
-4
Let u(x) = -x - 12*x - 7 + 0*x**2 + 0*x**2 - 8*x**2 + 7*x**2. What is u(-5)?
33
Let q(a) = 7*a - 1. Let p(j) = 8*j. Let t(z) = 5*p(z) - 6*q(z). Let b be t(0). Let y(n) = n**2 - 8*n + 2. Determine y(b).
-10
Let r(k) = -k - 9*k - 11*k + 3*k. What is r(1)?
-18
Let t(z) = -14*z**3 + 2*z - 1. Let y be t(1). Let d = 15 + y. Let i(a) = 7 - 4*a**2 + 0*a**3 - a**3 - 2 - d. Calculate i(-4).
3
Let a(v) be the first derivative of -v**4/12 - 5*v**3/3 + 2*v**2 - 22*v + 15. Let n(i) be the first derivative of a(i). Give n(-10).
4
Let a be (-43)/(-4) + (-36)/48. Suppose 8 = -s + a. Let o(l) = -6*l + 2. Calculate o(s).
-10
Let u(a) = a + 5. Suppose 3*s - 159 = -6. Suppose t + s = -5*w, -2*w - t - 30 = -3*t. Let v = -16 - w. What is u(v)?
0
Let t(b) be the third derivative of -b**6/10 + b**5/60 - b**3/6 + 46*b**2. Determine t(-1).
12
Let u = 0 + 2. Let o(s) = 3*s - 3*s + u*s - 3*s. What is o(-1)?
1
Let t be (-1197)/114*4/(-7). Let u(g) be the third derivative of -1/6*g**3 + 0*g - 1/12*g**4 + t*g**2 + 0 + 1/120*g**6 - 1/20*g**5. Determine u(4).
7
Suppose -5*h = 3*x - 59, -3*h + 4*x + 8 = -h. Suppose -2*l + 4*g - 10 = 0, h = -2*l + g + 3. Let n(i) = 2*i**3 + 2*i**2 - 3*i + 4. Determine n(l).
-23
Let q(u) = -2*u**3 + 2*u + 0*u**3 - u. Let y = -672 + 673. What is q(y)?
-1
Let f(d) = 2*d - 7. Suppose 0 = -14*m - 294 + 392. Give f(m).
7
Let x(y) be the third derivative of -5*y**2 + 0*y + 0 - 1/6*y**3 - 1/6*y**4. Let m be x(1). Let v(z) = -z**3 - 4*z**2 + 5*z - 2. Give v(m).
-2
Let z(c) be the first derivative of c**4/4 - 2*c**3/3 - c**2/2 - 697. Determine z(3).
6
Let p(n) = -n + 3. Let m be p(2). Let o(y) = -29*y**3 - 3*y**2 + 5*y - 21. Let j(d) = 18*d**3 + 2*d**2 - 3*d + 13. Let l(t) = -8*j(t) - 5*o(t). Determine l(m).
0
Let a be (-7112)/84 - 1/3. Let i = a + 81. Let y(g) = -6*g - 5. Give y(i).
19
Let o(m) be the third derivative of m**4/12 + 13*m**3/6 + 160*m**2. Determine o(-9).
-5
Let a(d) be the third derivative of d**5/60 + d**4/8 - 2*d**3/3 + 3*d**2. Determine a(-5).
6
Let x = -15 + 35. Suppose -3*b + o = x, -3*b + 4*o - 26 = -0*o. Let h(d) = -d**2 - 6*d - 2. Calculate h(b).
-2
Let g(b) be the third derivative of -1/120*b**6 + 1/12*b**5 + 0 + 1/6*b**4 + 10*b**2 + 4/3*b**3 + 0*b. What is g(6)?
-4
Let y(q) = -581*q**3 - 583*q**3 - 17*q**2 - 7 + 17*q + 1163*q**3. Calculate y(-18).
11
Let d(m) = m. Let x(r) be the first derivative of -r**2/2 - 19. Let i be 50/(-8) + 1/4. Let z(w) = i*d(w) - 3*x(w). Give z(-3).
9
Let t = 138 + -131. Let h(g) = -g**2 + 9*g + 1. Give h(t).
15
Let f(r) = -r. Let l be f(-3). Let i(o) = -o - 213*o**3 + l*o**2 + 212*o**3 + o**2 + o**2 + 3. Calculate i(4).
15
Let h be (0 - (-9)/(-15))*(-27 - 8). Let j(m) = m**3 - 21*m**2 + m - 11. Calculate j(h).
10
Let h(r) be the first derivative of -2 - r + 1/3*r**3 + 3/2*r**2. Determine h(-2).
-3
Let z(h) be the second derivative of h**5/4 + h**4/12 - h**3/6 + 11*h. Let b be z(1). Let p(w) = -w**2 + 6*w - 3. Determine p(b).
2
Let b(x) be the second derivative of -x**4/12 + 7*x**3/6 + 6*x**2 + 2*x + 14. What is b(9)?
-6
Let g = -506 - -510. Let q(w) be the second derivative of w**5/20 - 5*w**4/12 + 7*w**3/6 - 3*w**2 + w. Determine q(g).
6
Let t(w) = -4*w**3 + 2*w**2 - 2. Suppose -4*u - 2*j + 18 = 0, -26 = -3*u + 26*j - 30*j. Give t(u).
-26
Let h be (-4 - -3) + 1 + -5 + 3. Let g(d) = 11*d - 2. Give g(h).
-24
Let q(h) = h**3 - 4*h**2 - 3*h + 7. Let m(i) = -i**3 - 7*i**2 - i - 2. Let g(o) = 4*o + 21. Let f be g(-7). Let v be m(f). What is q(v)?
17
Let k be -1*(-2 + 1) - (16 + -19). Suppose -i + 1 = 0, -5*z - i = k*i. Let a(l) = 6*l**2 + 2*l + 0*l - l. Calculate a(z).
5
Let a be (0/(-14))/(3/(-3)). Let h(v) = -v**2 - v + 7. What is h(a)?
7
Let y(v) = v**3 + 2*v**2 - 3*v + 1. Suppose 6*q - 8*q - 9 = 5*k, -3*k + 5*q - 24 = 0. Calculate y(k).
1
Let n(q) = q - 1. Let o = 13 - 13. Suppose 26*t - 27*t = o. What is n(t)?
-1
Let l(z) = -4*z**2 + z**2 + 28*z**3 + 1 + 24*z**3 - 55*z**3. Determine l(-1).
1
Let j(x) be the third derivative of 1/8*x**4 - x**2 - x**3 + 0*x + 0. Let g be ((-26)/(-10) + -1)/((-28)/(-70)). Determine j(g).
6
Let l be 4/3*(-3)/(-2). Let b = -26 - -29. Suppose -l*f = -3*k + f - b, 11 = k + 2*f. Let c(q) = -q**2 + 2*q - 4. Determine c(k).
-7
Suppose 2*q = 3*d - 4*d + 5, -4*d + 20 = q. Suppose -5*c + 95 = -q*c. Let b = -16 + c. Let y(n) = -2*n - 1. Calculate y(b).
-7
Let o(q) = -5*q - 9. Let x(v) be the second derivative of -4*v**3 - 22*v**2 - 22*v. Let z(b) = 14*o(b) - 3*x(b). Give z(-4).
-2
Let o(c) be the first derivative of c**3/3 + 3*c**2/2 + 2*c + 16. Give o(-5).
12
Let v(d) = d**3 + 5*d**2 - 7*d - 4. Let x(a) = 2*a + 10. Let i be x(-5). Let r = i - 6. Give v(r).
2
Let l(h) be the third derivative of -7*h**5/15 + h**4/12 - h**3/6 + h**2 + 105*h. Give l(1).
-27
Let l(h) = 8 - 29 + 8 + 12 - h + 12. Give l(7).
4
Let t(f) = -5*f + 3. Let d(m) = -m + 1. Let j(y) = 4*d(y) - t(y). Let s(c) = c**2 - 9*c - 10. Let z be 0 + 4 + 2/(-1). Let o(p) = z*j(p) + s(p). What is o(8)?
0
Let j(q) be the second derivative of q**5/20 + 2*q**4/3 - 7*q**3/6 + 3*q**2/2 + 2*q - 72. Determine j(-9).
-15
Let n(k) = -3 - 1 + 1 - 2 - k**2 - 3*k. What is n(-4)?
-9
Let g(r) = 9*r - 2. Let u(a) = a - 6. Let t be u(11). Suppose -f + 6*f + 2*x = 0, 0 = t*x + 25. Determine g(f).
16
Let i(q) = 31*q**3 - 2*q - q**2 - 46*q**3 + 4*q**2. Let f(r) = -15*r**3 + 4*r**2 - 3*r. Let m(p) = 2*f(p) - 3*i(p). Give m(1).
14
Suppose 4*x + 5 = -5*p - 0, -2*x = 5*p - 5. Suppose -2*l - 25 = -6*l - f, 35 = p*l + 4*f. Let b(u) = u**2 - 5*u - 5. Give b(l).
-5
Let o(z) = z**3 + z**2 - z - 2. Suppose 3*l - 5*u + 4 = 0, 2*u + 13 = -l + 19. Calculate o(l).
8
Let v(z) = 4*z**3 - 6*z**2 + z + 6. Let i(s) = -3*s**3 + 6*s**2 - s - 6. Let o(u) = -5*i(u) - 4*v(u). Calculate o(-6).
0
Let m(j) be the third derivative of -1/60*j**5 + 0 - 1/24*j**4 + 1/6*j**3 + 0*j + 2*j**2. Let f(x) = -x**2 - 1. Let g be f(0). Give m(g).
1
Let h(z) = -5*z + 2. Let j(d) = -21*d + 9. Let l(q) = 18*h(q) - 4*j(q). Give l(1).
-6
Let h(u) = u**2 + 6*u - 8. Let a = 15 + -2. Let o = 0 + a. Suppose 5*v = o - 53. Determine h(v).
8
Let t(f) = -f**2 + 4*f + 53. Suppose -7*s + 8*s - 1 = 0, 0 = -w + 5*s - 11. Let n be t(w). Let q(a) = a + 14. Calculate q(n).
7
Suppose -2*o - 1 = -5*y, o - 3*o - y + 5 = 0. Let k(u) = 89*u**2 - 3*u - 1 - 3*u - 88*u**o. What is k(7)?
6
Suppose -4*z - 5*x + 3 + 12 = 0, -z = 5*x - 15. Let a(p) = z - 4*p**2 + 2 + 3*p**2 - 6*p - 5. Determine a(-2).
5
Let u(w) = -w + 17. Suppose -35*k + 762 - 97 = 0. Give u(k).
-2
Let r(p) = -4 - 121*p - 127*p + 361*p + p**2 - 117*p. What is r(8)?
28
Let o(i) = -1085 - 2*i + 2*i**2 - 6*i**2 + 1083 - 2*i**2. Calculate o(-1).
-6
Suppose -3*x + 4 = -11, -f = 2*x - 11. Suppose 4*w + 5 = f. Let y(p) = 3*p**3 - 6*p**3 + 5*p**3 + p**3. Give y(w).
-3
Let b(k) = 17*k**2 - 29*k - 56. Let t(m) = 4*m**2 - 7*m - 13. Let l(y) = -3*b(y) + 13*t(y). Let h = 11 - 7. What is l(h)?
-1
Let x(p) = -p**3 - 42*p**2 - 53*p - 507. Let y be x(-41). Let d(w) = -w - 38. What is d(y)?
-23
Let z(f) be the second derivative of f**5/20 - f**4/12 - f**2/2 - 3*f + 9. Calculate z(0).
-1
Suppose -u - 13 = 3*n + 4*u, 4*n - 2*u = 0. Let l(d) = 13*d**2. Determine l(n).
13
Let x(q) be the first derivative of -q**4/4 - q**3/3 + q**2/2 - 14*q + 147. Calculate x(0).
-14
Let z(o) = o**3 - 3*o**2 + 2*o + 2. Suppose -3*j + 27 = -5*u, -3*u + 11 = 4*j + 4. Determine